 u(x) = 3*x - 2 + 5*x**2 + x + 0*x + x**3 - 11*x. Let r be -6*(-1)/(1*-1). Give u(r).
4
Let h(n) = -6*n**3 + 9*n**2 - n - 3. Let o(c) = 5*c**3 - 8*c**2 + c + 3. Let d(g) = -4*h(g) - 5*o(g). Let f = 0 + 4. Calculate d(f).
-7
Let r(j) = -j**2 + 9*j - 3. Let p be r(5). Suppose n = 2*y - 4*n + 2, -y + p = 2*n. Let c(w) = -w - w - y*w**2 - w**2 - 1. Calculate c(-1).
-9
Suppose -4*y + 16 = -0*y. Let q(j) = -5 - 5*j - y*j + 4. What is q(-1)?
8
Let i(h) = -9*h - 19. Let f(y) = 5*y + 10. Let q(u) = -5*f(u) - 3*i(u). What is q(-7)?
-7
Let f(b) be the second derivative of -b**2/2 + b. Let l(t) = -t - 3. Let n(g) = g**3 + 2*g - 1. Let o be n(1). Let r(u) = o*l(u) - 9*f(u). Give r(3).
-3
Let i(c) = c**2 + c + 1. Let n(v) = v**3 + 6*v**2 - 6*v + 5. Let j be n(-7). What is i(j)?
3
Let i(v) = 4*v + 1. Suppose 10 = w - 6*w. Give i(w).
-7
Let g be 1/(-4) - 6/8. Let p(t) be the first derivative of 2 + t**2 + t + 3/4*t**4 + 2/3*t**3. Calculate p(g).
-2
Let h(o) = -7*o + 8*o - 2 - o + 2*o**2 + 3*o. Give h(-3).
7
Let x(p) = -p - 3. Let a(d) = 3*d**2 + 3*d. Let t be a(-2). Let q be (-1)/t + (-105)/18. Give x(q).
3
Suppose 5 + 0 = n. Let m(y) = -4*y**3 + 10*y**2 - 10*y - 4. Let x(h) = 3*h**3 - 7*h**2 + 7*h + 3. Let g(r) = n*m(r) + 7*x(r). Calculate g(2).
11
Let n(r) = -5*r**2 + 27*r - 4. Let o be n(5). Let h(y) = y. Let g(l) = 5*l. Let z(w) = -g(w) + 6*h(w). What is z(o)?
6
Let b(i) = i**3 + 5*i**2 + 2*i - 5. Let a(y) = -2*y**2 + 4*y - 4. Let t be a(2). Determine b(t).
3
Let m(d) = -3*d - 7. Let v(j) = 5*j**3 - 3*j**2 - j + 1. Let b be v(-1). What is m(b)?
11
Let m(j) = 0*j + 2 - 5*j + 7*j - 3. What is m(-1)?
-3
Suppose -3*m - 2*m + 25 = -4*c, 0 = 2*m - 2*c - 12. Let b = m - 6. Let q(k) = -2*k - 4. Determine q(b).
6
Let g(a) = -9*a**2 + 8*a - 18. Let o(c) = 5*c**2 - 4*c + 10. Let z(d) = -4*g(d) - 7*o(d). What is z(3)?
-1
Let m(j) = -j**3 - 9*j**2 + 10*j + 2. Let o be m(-10). Let x(i) = -i. Give x(o).
-2
Suppose 8 - 28 = -4*n + 4*w, 0 = -4*n - 4*w + 4. Let o(i) = -i**3 + 4*i**2 - 3*i + 1. Determine o(n).
1
Let n(q) = 6*q**2 - q - 1. Suppose 2*k + 3*k = -145. Let c = k - -40. Suppose -4*b + 16 = 0, 0*z + 3*b - c = -z. Determine n(z).
6
Let n(p) be the first derivative of p**7/840 + p**6/90 - p**5/60 - 5*p**4/24 + p**3 - 2. Let f(z) be the third derivative of n(z). What is f(-4)?
3
Suppose -9*h + 10 = -4*h. Let l(z) = -h - z - 1 + 5. Calculate l(-3).
5
Let a(q) = -q**3 - 5*q**2 - 2*q - 4. Suppose -3*v + 17 = -5*z, 5*v + 9 = -z - 0*v. Let p = -8 - z. What is a(p)?
-12
Let j(n) = -n**2 + 2*n - 2. Let u(h) = h**2 - 2*h + 2. Let i(p) = 3*j(p) + 2*u(p). Suppose -10*v + 16 = -2*v. What is i(v)?
-2
Let q(i) be the second derivative of -2*i**3/3 + i**2/2 - 15*i. Give q(-1).
5
Let d(j) = -j**3 + 31*j**2 - 30*j + 7. Let z be d(30). Let h(p) = -p**3 + 6*p**2 + 9*p - 2. Give h(z).
12
Let k(a) = a. Let n(q) = q**2 + 10*q - 7. Let z(f) = -f**2 - 9*f + 6. Let h(o) = -6*n(o) - 7*z(o). Let s(v) = -h(v) + 4*k(v). Calculate s(0).
0
Let m(s) = 2*s + 1. Let t(z) = -z**2 - 2*z + 10. Let l be t(0). Suppose l = 3*c + 2*c. What is m(c)?
5
Let d(j) = -2*j**3 + 11*j**2 + 7*j - 11. Let o be d(6). Let z(v) = -v**3 - 6*v**2 - 5*v + 5. What is z(o)?
5
Let u = 5 - 10. Let r = -2 - u. Let q(w) = -2*w**2 + 4*w**r - w + w + 1. Give q(1).
3
Suppose 4*t - 31 = -4*b + 3*t, 3*b - 2*t - 26 = 0. Let l(g) = -g**2 + 7*g + 1. Determine l(b).
-7
Let a be ((-1)/(-2))/(-1)*18. Let y be a/(-6)*(-8)/(-3). Let o(d) = 4*d - 5 + 3 + y - d. Calculate o(-3).
-7
Let u(c) = -2*c - 3. Let m(l) = -3*l - 7. Let o be m(-5). Let k be (-1 - -1)*4/o. Let y be (k - 1)/(-1)*-2. Determine u(y).
1
Let s(x) be the third derivative of -x**9/30240 + x**8/10080 + x**7/5040 + x**5/60 + 2*x**2. Let g(i) be the third derivative of s(i). Give g(-1).
3
Let n(u) be the third derivative of -u**4/24 - 5*u**3/6 + 26*u**2. What is n(4)?
-9
Let a(d) be the second derivative of d**4/12 + d**3/6 + d**2/2 + d. Let f(c) = c**3 - 3*c**2 - 3*c + 1. Let n be f(-1). Determine a(n).
1
Let f be (4 - 7)*(0 - -1). Let q = 8 + f. Let s(i) = 3*i**2 - 8*i + 15. Let z(p) = 2*p**2 - 5*p + 10. Let j(m) = -5*s(m) + 7*z(m). Calculate j(q).
-5
Let f(q) be the third derivative of 1/12*q**4 + 0 + 4/3*q**3 + 0*q + 7*q**2. Determine f(-6).
-4
Let f(a) = -a**2 + 5*a - 3. Suppose 6 + 15 = 5*m + 4*s, s - 24 = -5*m. What is f(m)?
-3
Let l(d) = 2*d**3 - d**2 + 4*d + 4. Let g = 6 - 9. Let v(i) = 3*i**3 - 2*i**2 + 5*i + 5. Let n(y) = g*v(y) + 4*l(y). What is n(3)?
-5
Let w = 9 + -2. Let k(a) = a - 3 + w*a - 4*a - a**2. Let q be (2/6)/((-2)/(-18)). Calculate k(q).
0
Let c(u) = -u**3 + 2*u**3 + 4*u**2 - 17 - 8*u + 14. What is c(-5)?
12
Let w = -16 + 11. Let x(c) = c**3 + 4*c**2 - 10*c - 1. Let g(h) = h**3 + 4*h**2 - 9*h - 2. Let d(m) = 3*g(m) - 2*x(m). Give d(w).
6
Let o(l) = -l + 2*l - 2*l - 3. Suppose -2*x - 3*x + 2*v + 15 = 0, 5*x - 5*v = 15. Calculate o(x).
-6
Let w(f) = 7*f**2 - 3*f + 19. Let m(d) = 4*d**2 - d + 10. Let z(n) = 3*n - 1. Let l be z(2). Let i(j) = l*m(j) - 3*w(j). Determine i(5).
-12
Let p(z) = -7*z**3 + 3*z + 13. Let n(o) = -o**3 + o**2 + 1. Let y(k) = -6*n(k) + p(k). Determine y(-6).
-11
Let r(n) = -n + 1. Suppose -5*z + 4 = -1. Let l(m) = -12*m**3 + 1. Let t be l(z). Let h = 6 + t. Calculate r(h).
6
Let o(b) = 4*b + 0 - 1 + 0 - 1. Calculate o(2).
6
Let k(j) = -j - 2. Suppose -3*n + 2 = -2*n. What is k(n)?
-4
Let j(t) = -t - 1. Let r = -7 - -5. Calculate j(r).
1
Suppose 4*j + 25 = 5*u, 4*j + 0*j = u - 5. Let b = u + -3. Let l(y) be the third derivative of y**4/12 - y**3/2 - 2*y**2. What is l(b)?
1
Let a(s) be the first derivative of s**5/20 + s**4/2 + s**3/6 + s**2/2 - 3*s + 3. Let r(c) be the first derivative of a(c). Calculate r(-6).
-5
Suppose 4*a - 52 = -9*a. Let u(y) be the third derivative of -2*y**2 + 0 - 1/4*y**a + 1/60*y**5 + 7/6*y**3 + 0*y. Determine u(6).
7
Let o be -3*(-1)/(-9)*3. Let t(b) = -20*b**2 - 2*b - 1. What is t(o)?
-19
Suppose 4*m + 1 = -15. Let g(j) = j - 6. Let v(f) = 3*f - 12. Let h(d) = 7*g(d) - 3*v(d). Let w be h(m). Let n(b) = -3*b**2 + 3*b. Calculate n(w).
-6
Let o(t) = t**3 - 5*t**2 + 2*t + 5. Let v = -5 - -12. Let r be v - 6 - (-4 - -1). Determine o(r).
-3
Let c(n) = n**2 + 6*n - 13. Let x(l) = 2*l**2 + 12*l - 25. Let z(g) = 11*c(g) - 6*x(g). Let q be 5/(-15) - (-56)/6. Let u be 19/(-3) + 3/q. What is z(u)?
7
Let n(q) = q**2 + 6*q - 4. Suppose 8 = -j + 3*j. Suppose -v - m - j*m = -23, 0 = 3*v - 4*m + 7. Suppose t + v = 0, 2*t - 7*t = -4*u - 9. Calculate n(u).
-4
Let m(d) be the first derivative of 2*d**2 + 7 + d + 1/3*d**3. Give m(-4).
1
Suppose 2*l + 2 = 6. Let h be 6/((-2)/((-12)/9)). Suppose 0 = -4*p + 4, -h*y - l*p + 12 = 2*p. Let b(m) = -m**2 + m - 2. Give b(y).
-4
Let l(y) = y**2 + y + 1. Let d(r) = -r - 2. Let s be d(0). Let p be s + (-2 - (-2 - 1)). Calculate l(p).
1
Let w(d) be the first derivative of 3*d**2/2 - 3*d - 14. What is w(4)?
9
Let k(z) = z. Let x(p) = p + 3. Suppose -24 = 3*f + n - 4*n, -2*f = 3*n - 4. Let i be x(f). Calculate k(i).
-1
Let i(a) be the first derivative of -2 + 1/2*a**2 - 8*a. Determine i(5).
-3
Let c be 96/40 - 4/10. Let q(n) = -9*n + n - 2 - c*n + 3. Determine q(-1).
11
Let j(n) = n**3 - n**2 + n + 16. Suppose -3*p + 5*p = 0. Determine j(p).
16
Suppose 0 = -23*i - 31 + 169. Let p(b) = -2*b + 9. What is p(i)?
-3
Suppose -a + 2*a = 0. Suppose a*c = c + 2, 0 = -4*k - c - 2. Let y(s) = s - 1. Let n(q) = q - 2. Let m(j) = -2*n(j) + 3*y(j). What is m(k)?
1
Suppose 2*p - 9*p = 42. Let c(j) = -j**3 - 5*j**2 + 8*j + 7. Give c(p).
-5
Let h(n) be the first derivative of 5/24*n**4 + 0*n**2 - 1/360*n**6 + 0*n - 1 + 1/120*n**5 + 2/3*n**3. Let c(q) be the third derivative of h(q). Calculate c(4).
-7
Let h = -12 - -14. Suppose 0*g - 12 = 2*g + 4*o, -3*g - h = -2*o. Let z(i) = 2*i**3 + 3*i**2 - 1. Calculate z(g).
-5
Let u = -64 + 58. Let k(b) = -b**3 - 7*b**2 - 5*b + 3. What is k(u)?
-3
Suppose 5*w - 5*r + 10 = 0, 6*w = w + r + 10. Let s(g) be the first derivative of -w*g - 1 - 1/2*g**2. Calculate s(-2).
-1
Let o = -5 - -5. Let g(c) be the first derivative of 8*c + 1/2*c**2 - 1. Calculate g(o).
8
Suppose h - 4*h - 6 = 0. Let r be (16/6)/2*6. Let g = h + r. Let i(d) = d**2 - 4*d - 7. What is i(g)?
5
Let r be 1/((-9)/(-3) + -4). Let b(g) = g. Let w(m) = 3*m + 1. Let f(h) = -5*b(h) + 2*w(h). Give f(r).
1
Let k(